{"id":1158,"date":"2024-04-22T17:52:26","date_gmt":"2024-04-22T17:52:26","guid":{"rendered":"http:\/\/gal-losheim.de\/?page_id=1158"},"modified":"2024-05-08T07:04:18","modified_gmt":"2024-05-08T07:04:18","slug":"kanidaten","status":"publish","type":"page","link":"http:\/\/gal-losheim.de\/?page_id=1158","title":{"rendered":"Kandidaten"},"content":{"rendered":"\n<p><strong>die Liste 19 &#8211; GALL f\u00fcr den Gemeinderat Losheim am See<\/strong><\/p>\n\n\n\n<figure class=\"wp-block-image size-large\"><a href=\"http:\/\/gal-losheim.de\/wp-content\/uploads\/2024\/04\/DSC08395-Verbessert-RR-Bearbeitet-scaled.jpg\"><img loading=\"lazy\" decoding=\"async\" width=\"1024\" height=\"819\" src=\"http:\/\/gal-losheim.de\/wp-content\/uploads\/2024\/04\/DSC08395-Verbessert-RR-Bearbeitet-1024x819.jpg\" alt=\"\" class=\"wp-image-1183\" srcset=\"http:\/\/gal-losheim.de\/wp-content\/uploads\/2024\/04\/DSC08395-Verbessert-RR-Bearbeitet-1024x819.jpg 1024w, http:\/\/gal-losheim.de\/wp-content\/uploads\/2024\/04\/DSC08395-Verbessert-RR-Bearbeitet-300x240.jpg 300w, http:\/\/gal-losheim.de\/wp-content\/uploads\/2024\/04\/DSC08395-Verbessert-RR-Bearbeitet-768x614.jpg 768w, http:\/\/gal-losheim.de\/wp-content\/uploads\/2024\/04\/DSC08395-Verbessert-RR-Bearbeitet-1536x1229.jpg 1536w, http:\/\/gal-losheim.de\/wp-content\/uploads\/2024\/04\/DSC08395-Verbessert-RR-Bearbeitet-2048x1639.jpg 2048w, http:\/\/gal-losheim.de\/wp-content\/uploads\/2024\/04\/DSC08395-Verbessert-RR-Bearbeitet-375x300.jpg 375w\" sizes=\"auto, (max-width: 1024px) 100vw, 1024px\" \/><\/a><\/figure>\n\n\n\n<p class=\"has-text-align-center\">                       -Eric Nobbe &#8211; Peter Lauer &#8211; Joachim Selzer &#8211; Lukas Markmeyer-<\/p>\n\n\n\n<p class=\"has-text-align-center\">J\u00fcrgen Kautenburger &#8211; Ellen Mohm &#8211; Sebastian Wagner &#8211; Norbert Hanowski &#8211;<\/p>\n\n\n\n<p><\/p>\n\n\n\n<div class=\"wp-block-media-text has-media-on-the-right is-stacked-on-mobile\"><div class=\"wp-block-media-text__content\">\n<pre class=\"wp-block-preformatted\">Lukas Markmeyer, 29 Jahre, angehender Buchh\u00e4ndler, kandidiert f\u00fcr den Ortsrat Losheim und auf Platz 1 f\u00fcr den Gemeinderat<br><br><strong>\u201eDa ich ehrenamtlich schon seit Jahren in Vereinen aktiv bin, gilt mein Augenmerk u.a. der F\u00f6rderung des ehrenamtlichen Engagements sowie einer Unterst\u00fctzung der Jugend- und Vereinsarbeit\u201c.<\/strong><br><\/pre>\n<\/div><figure class=\"wp-block-media-text__media\"><img loading=\"lazy\" decoding=\"async\" width=\"819\" height=\"1024\" src=\"http:\/\/gal-losheim.de\/wp-content\/uploads\/2024\/04\/DSC08433-2-819x1024.png\" alt=\"\" class=\"wp-image-1166 size-full\" srcset=\"http:\/\/gal-losheim.de\/wp-content\/uploads\/2024\/04\/DSC08433-2-819x1024.png 819w, http:\/\/gal-losheim.de\/wp-content\/uploads\/2024\/04\/DSC08433-2-240x300.png 240w, http:\/\/gal-losheim.de\/wp-content\/uploads\/2024\/04\/DSC08433-2-768x960.png 768w, http:\/\/gal-losheim.de\/wp-content\/uploads\/2024\/04\/DSC08433-2-1229x1536.png 1229w, http:\/\/gal-losheim.de\/wp-content\/uploads\/2024\/04\/DSC08433-2-1638x2048.png 1638w\" sizes=\"auto, (max-width: 819px) 100vw, 819px\" \/><\/figure><\/div>\n\n\n\n<div class=\"wp-block-media-text is-stacked-on-mobile\"><figure class=\"wp-block-media-text__media\"><img loading=\"lazy\" decoding=\"async\" width=\"731\" height=\"1024\" src=\"http:\/\/gal-losheim.de\/wp-content\/uploads\/2024\/04\/DSC08562-Verbessert-RR-731x1024.jpg\" alt=\"\" class=\"wp-image-1163 size-full\" srcset=\"http:\/\/gal-losheim.de\/wp-content\/uploads\/2024\/04\/DSC08562-Verbessert-RR-731x1024.jpg 731w, http:\/\/gal-losheim.de\/wp-content\/uploads\/2024\/04\/DSC08562-Verbessert-RR-214x300.jpg 214w, http:\/\/gal-losheim.de\/wp-content\/uploads\/2024\/04\/DSC08562-Verbessert-RR-768x1075.jpg 768w, http:\/\/gal-losheim.de\/wp-content\/uploads\/2024\/04\/DSC08562-Verbessert-RR-1097x1536.jpg 1097w, http:\/\/gal-losheim.de\/wp-content\/uploads\/2024\/04\/DSC08562-Verbessert-RR-1463x2048.jpg 1463w, http:\/\/gal-losheim.de\/wp-content\/uploads\/2024\/04\/DSC08562-Verbessert-RR-scaled.jpg 1829w\" sizes=\"auto, (max-width: 731px) 100vw, 731px\" \/><\/figure><div class=\"wp-block-media-text__content\">\n<pre class=\"wp-block-preformatted\">Joachim Selzer, 68 Jahre, Sozialp\u00e4dagoge, seit \u00fcber 30 Jahren im Gemeinderat ehrenamtlich t\u00e4tig; bewirtschaftet einen Gem\u00fcsegarten, f\u00e4hrt gerne Rad und engagiert sich weiterhin kulturell und sozial<br><br><strong>\u201eIch will meine langj\u00e4hrigen Erfahrungen in der Kommunalpolitik einbringen und gerne an die Jungen weitergeben.\u201c<\/strong><br><\/pre>\n<\/div><\/div>\n\n\n\n<div class=\"wp-block-media-text has-media-on-the-right is-stacked-on-mobile\"><div class=\"wp-block-media-text__content\">\n<pre class=\"wp-block-preformatted\">Peter Lauer, 61 Jahre alt, Freiberuflicher Unternehmensberater;liest, reist und kocht gerne; Kandidiert f\u00fcr den Gemeinderat<br><br><strong>\u201eIch will mich auch in der Kommunalpolitik daf\u00fcr einsetzen, dass Rechtsextremismus und Hetze keinen Platz in Losheim finden.\u201c<\/strong><br><\/pre>\n<\/div><figure class=\"wp-block-media-text__media\"><img loading=\"lazy\" decoding=\"async\" width=\"819\" height=\"1024\" src=\"http:\/\/gal-losheim.de\/wp-content\/uploads\/2024\/04\/DSC08463-819x1024.png\" alt=\"\" class=\"wp-image-1168 size-full\" srcset=\"http:\/\/gal-losheim.de\/wp-content\/uploads\/2024\/04\/DSC08463-819x1024.png 819w, http:\/\/gal-losheim.de\/wp-content\/uploads\/2024\/04\/DSC08463-240x300.png 240w, http:\/\/gal-losheim.de\/wp-content\/uploads\/2024\/04\/DSC08463-768x960.png 768w, http:\/\/gal-losheim.de\/wp-content\/uploads\/2024\/04\/DSC08463-1229x1536.png 1229w, http:\/\/gal-losheim.de\/wp-content\/uploads\/2024\/04\/DSC08463-1638x2048.png 1638w\" sizes=\"auto, (max-width: 819px) 100vw, 819px\" \/><\/figure><\/div>\n\n\n\n<div class=\"wp-block-media-text is-stacked-on-mobile\"><figure class=\"wp-block-media-text__media\"><img loading=\"lazy\" decoding=\"async\" width=\"809\" height=\"1024\" src=\"http:\/\/gal-losheim.de\/wp-content\/uploads\/2024\/04\/DSC08741-Verbessert-RR-5-809x1024.jpg\" alt=\"\" class=\"wp-image-1162 size-full\" srcset=\"http:\/\/gal-losheim.de\/wp-content\/uploads\/2024\/04\/DSC08741-Verbessert-RR-5-809x1024.jpg 809w, http:\/\/gal-losheim.de\/wp-content\/uploads\/2024\/04\/DSC08741-Verbessert-RR-5-237x300.jpg 237w, http:\/\/gal-losheim.de\/wp-content\/uploads\/2024\/04\/DSC08741-Verbessert-RR-5-768x972.jpg 768w, http:\/\/gal-losheim.de\/wp-content\/uploads\/2024\/04\/DSC08741-Verbessert-RR-5-1214x1536.jpg 1214w, http:\/\/gal-losheim.de\/wp-content\/uploads\/2024\/04\/DSC08741-Verbessert-RR-5-1619x2048.jpg 1619w, http:\/\/gal-losheim.de\/wp-content\/uploads\/2024\/04\/DSC08741-Verbessert-RR-5-scaled.jpg 2023w\" sizes=\"auto, (max-width: 809px) 100vw, 809px\" \/><\/figure><div class=\"wp-block-media-text__content\">\n<pre class=\"wp-block-verse\">Ellen Mohm,<br>55 Jahre, wandert gerne<br>Kandidiert f\u00fcr den Gemeinderat <br><strong><br>\"Ich will, dass sich die Ortsteile weiterhin lebendig, attraktiv und naturnah entwickeln und dort eine gute Infrastruktur weiter vorgehalten wird.\"<\/strong><\/pre>\n<\/div><\/div>\n\n\n\n<div class=\"wp-block-media-text has-media-on-the-right is-stacked-on-mobile\"><div class=\"wp-block-media-text__content\">\n<pre class=\"wp-block-preformatted\">Norbert Hanowski, 59 Jahre, Chemielaborant, Interessen: Chorsingen und Musik<br>Hat in der letzten Legislaturperiode erste Erfahrungen im Gemeinderat gesammelt und kandidiert nun als Parteiloser auf Platz 2 der Gr\u00fcnen-Liste f\u00fcr den Kreistag sowie f\u00fcr den Ortsrat Losheim<br><br><strong>\u201eIch m\u00f6chte die Interessen von Losheim am See aktiv im Kreistag miteinbringen und mich f\u00fcr den Arten- und Bienenschutz, den Erhalt von Streuobstwiesen und einen aktiven Klimaschutz einsetzen\u201c.<\/strong><br><\/pre>\n<\/div><figure class=\"wp-block-media-text__media\"><img loading=\"lazy\" decoding=\"async\" width=\"819\" height=\"1024\" src=\"http:\/\/gal-losheim.de\/wp-content\/uploads\/2024\/04\/DSC08350-Verbessert-RR-819x1024.png\" alt=\"\" class=\"wp-image-1184 size-full\" srcset=\"http:\/\/gal-losheim.de\/wp-content\/uploads\/2024\/04\/DSC08350-Verbessert-RR-819x1024.png 819w, http:\/\/gal-losheim.de\/wp-content\/uploads\/2024\/04\/DSC08350-Verbessert-RR-240x300.png 240w, http:\/\/gal-losheim.de\/wp-content\/uploads\/2024\/04\/DSC08350-Verbessert-RR-768x960.png 768w, http:\/\/gal-losheim.de\/wp-content\/uploads\/2024\/04\/DSC08350-Verbessert-RR-1229x1536.png 1229w, http:\/\/gal-losheim.de\/wp-content\/uploads\/2024\/04\/DSC08350-Verbessert-RR-1638x2048.png 1638w\" sizes=\"auto, (max-width: 819px) 100vw, 819px\" \/><\/figure><\/div>\n\n\n\n<div class=\"wp-block-media-text is-stacked-on-mobile\"><figure class=\"wp-block-media-text__media\"><img loading=\"lazy\" decoding=\"async\" width=\"819\" height=\"1024\" src=\"http:\/\/gal-losheim.de\/wp-content\/uploads\/2024\/04\/DSC08601-Verbessert-RR-819x1024.png\" alt=\"\" class=\"wp-image-1169 size-full\" srcset=\"http:\/\/gal-losheim.de\/wp-content\/uploads\/2024\/04\/DSC08601-Verbessert-RR-819x1024.png 819w, http:\/\/gal-losheim.de\/wp-content\/uploads\/2024\/04\/DSC08601-Verbessert-RR-240x300.png 240w, http:\/\/gal-losheim.de\/wp-content\/uploads\/2024\/04\/DSC08601-Verbessert-RR-768x960.png 768w, http:\/\/gal-losheim.de\/wp-content\/uploads\/2024\/04\/DSC08601-Verbessert-RR-1229x1536.png 1229w, http:\/\/gal-losheim.de\/wp-content\/uploads\/2024\/04\/DSC08601-Verbessert-RR-1638x2048.png 1638w\" sizes=\"auto, (max-width: 819px) 100vw, 819px\" \/><\/figure><div class=\"wp-block-media-text__content\">\n<pre class=\"wp-block-preformatted\">Sebastian Wagner, 39 Jahre, Maschinenbau-Techniker, Interessen: Radfahren, Wandern, Fotografie<br><br><strong>\u201eIch will mit meinem kommunalpolitischen Engagement dazu beitragen, dass mehr f\u00fcr eine andere Mobilit\u00e4t in Losheim gemacht wird, sei es f\u00fcr Radfahrer, Fu\u00dfg\u00e4nger oder \u00d6PNV-Nutzer.\u201c<\/strong><br><\/pre>\n<\/div><\/div>\n\n\n\n<p>____________________________________________________________________________<\/p>\n\n\n\n<p><strong>Die Gall f\u00fcr den Ortsrat Losheim<\/strong><\/p>\n\n\n\n<figure class=\"wp-block-image size-large\"><a href=\"http:\/\/gal-losheim.de\/wp-content\/uploads\/2024\/04\/DSC08387-Verbessert-RR-Bearbeitet-1-scaled.jpg\"><img loading=\"lazy\" decoding=\"async\" width=\"1024\" height=\"683\" src=\"http:\/\/gal-losheim.de\/wp-content\/uploads\/2024\/04\/DSC08387-Verbessert-RR-Bearbeitet-1-1024x683.jpg\" alt=\"\" class=\"wp-image-1214\" srcset=\"http:\/\/gal-losheim.de\/wp-content\/uploads\/2024\/04\/DSC08387-Verbessert-RR-Bearbeitet-1-1024x683.jpg 1024w, http:\/\/gal-losheim.de\/wp-content\/uploads\/2024\/04\/DSC08387-Verbessert-RR-Bearbeitet-1-300x200.jpg 300w, http:\/\/gal-losheim.de\/wp-content\/uploads\/2024\/04\/DSC08387-Verbessert-RR-Bearbeitet-1-768x512.jpg 768w, http:\/\/gal-losheim.de\/wp-content\/uploads\/2024\/04\/DSC08387-Verbessert-RR-Bearbeitet-1-1536x1024.jpg 1536w, http:\/\/gal-losheim.de\/wp-content\/uploads\/2024\/04\/DSC08387-Verbessert-RR-Bearbeitet-1-2048x1365.jpg 2048w, http:\/\/gal-losheim.de\/wp-content\/uploads\/2024\/04\/DSC08387-Verbessert-RR-Bearbeitet-1-450x300.jpg 450w\" sizes=\"auto, (max-width: 1024px) 100vw, 1024px\" \/><\/a><\/figure>\n\n\n\n<p>-Joachim Selzer &#8211; Lukas Markmeyer &#8211; Stefan Lion &#8211; <\/p>\n\n\n\n<p class=\"has-text-align-right\">-Sebastian Wagner &#8211; Peter Lauer &#8211;  Nobert Hanowski &#8211; <\/p>\n\n\n\n<div class=\"wp-block-media-text has-media-on-the-right is-stacked-on-mobile\"><div class=\"wp-block-media-text__content\">\n<pre class=\"wp-block-preformatted\">Stefan Lion, 28 Jahre, Maschinenbauingenieur, wandert gerne, engagiert sich im Obstbau und bei der Jagd<br><br><strong><em>Kandidiert auf Platz 1 f\u00fcr den Ortsrat Losheim<\/em><\/strong><br> <br><strong>\u201eIch setze mich f\u00fcr den Energietr\u00e4ger Holz ein und pl\u00e4diere daf\u00fcr, dass das Heizen mit Holz weiterhin m\u00f6glich ist\u201c.<\/strong><br><\/pre>\n<\/div><figure class=\"wp-block-media-text__media\"><img loading=\"lazy\" decoding=\"async\" width=\"819\" height=\"1024\" src=\"http:\/\/gal-losheim.de\/wp-content\/uploads\/2024\/04\/DSC08550-Verbessert-RR-819x1024.png\" alt=\"\" class=\"wp-image-1167 size-full\" srcset=\"http:\/\/gal-losheim.de\/wp-content\/uploads\/2024\/04\/DSC08550-Verbessert-RR-819x1024.png 819w, http:\/\/gal-losheim.de\/wp-content\/uploads\/2024\/04\/DSC08550-Verbessert-RR-240x300.png 240w, http:\/\/gal-losheim.de\/wp-content\/uploads\/2024\/04\/DSC08550-Verbessert-RR-768x960.png 768w, http:\/\/gal-losheim.de\/wp-content\/uploads\/2024\/04\/DSC08550-Verbessert-RR-1229x1536.png 1229w, http:\/\/gal-losheim.de\/wp-content\/uploads\/2024\/04\/DSC08550-Verbessert-RR-1638x2048.png 1638w\" sizes=\"auto, (max-width: 819px) 100vw, 819px\" \/><\/figure><\/div>\n\n\n\n<div class=\"wp-block-media-text is-stacked-on-mobile\"><figure class=\"wp-block-media-text__media\"><img loading=\"lazy\" decoding=\"async\" width=\"819\" height=\"1024\" src=\"http:\/\/gal-losheim.de\/wp-content\/uploads\/2024\/04\/DSC08433-2-819x1024.png\" alt=\"\" class=\"wp-image-1166 size-full\" srcset=\"http:\/\/gal-losheim.de\/wp-content\/uploads\/2024\/04\/DSC08433-2-819x1024.png 819w, http:\/\/gal-losheim.de\/wp-content\/uploads\/2024\/04\/DSC08433-2-240x300.png 240w, http:\/\/gal-losheim.de\/wp-content\/uploads\/2024\/04\/DSC08433-2-768x960.png 768w, http:\/\/gal-losheim.de\/wp-content\/uploads\/2024\/04\/DSC08433-2-1229x1536.png 1229w, http:\/\/gal-losheim.de\/wp-content\/uploads\/2024\/04\/DSC08433-2-1638x2048.png 1638w\" sizes=\"auto, (max-width: 819px) 100vw, 819px\" \/><\/figure><div class=\"wp-block-media-text__content\">\n<pre class=\"wp-block-preformatted\">Lukas Markmeyer, 29 Jahre,<br>Platz 2 <br><\/pre>\n<\/div><\/div>\n\n\n\n<div class=\"wp-block-media-text has-media-on-the-right is-stacked-on-mobile\"><div class=\"wp-block-media-text__content\">\n<pre class=\"wp-block-preformatted\">Norbert Hanowski, 59 <br>Platz 3<br><\/pre>\n<\/div><figure class=\"wp-block-media-text__media\"><img loading=\"lazy\" decoding=\"async\" width=\"731\" height=\"1024\" src=\"http:\/\/gal-losheim.de\/wp-content\/uploads\/2024\/04\/DSC08525-Verbessert-RD-RR-731x1024.jpg\" alt=\"\" class=\"wp-image-1217 size-full\" srcset=\"http:\/\/gal-losheim.de\/wp-content\/uploads\/2024\/04\/DSC08525-Verbessert-RD-RR-731x1024.jpg 731w, http:\/\/gal-losheim.de\/wp-content\/uploads\/2024\/04\/DSC08525-Verbessert-RD-RR-214x300.jpg 214w, http:\/\/gal-losheim.de\/wp-content\/uploads\/2024\/04\/DSC08525-Verbessert-RD-RR-768x1075.jpg 768w, http:\/\/gal-losheim.de\/wp-content\/uploads\/2024\/04\/DSC08525-Verbessert-RD-RR-1097x1536.jpg 1097w, http:\/\/gal-losheim.de\/wp-content\/uploads\/2024\/04\/DSC08525-Verbessert-RD-RR-1463x2048.jpg 1463w, http:\/\/gal-losheim.de\/wp-content\/uploads\/2024\/04\/DSC08525-Verbessert-RD-RR-scaled.jpg 1828w\" sizes=\"auto, (max-width: 731px) 100vw, 731px\" \/><\/figure><\/div>\n\n\n\n<p>____________________________________________________________________________<\/p>\n\n\n\n<p><strong>Auf der Gr\u00fcnen Liste 4 f\u00fcr den Kreistag kandidieren mit Norbert Hanowski (Losheim am See) sowie Heike Hanson und Henry Selzer (Weiskirchen) auch Mitglieder der GAL Merzig-Wadern e.V. <\/strong><\/p>\n\n\n\n<figure class=\"wp-block-image size-large\"><a href=\"http:\/\/gal-losheim.de\/wp-content\/uploads\/2024\/05\/Flyer-Kreis-2-1.png\"><img loading=\"lazy\" decoding=\"async\" width=\"1024\" height=\"480\" src=\"http:\/\/gal-losheim.de\/wp-content\/uploads\/2024\/05\/Flyer-Kreis-2-1-1024x480.png\" alt=\"\" class=\"wp-image-1272\" srcset=\"http:\/\/gal-losheim.de\/wp-content\/uploads\/2024\/05\/Flyer-Kreis-2-1-1024x480.png 1024w, http:\/\/gal-losheim.de\/wp-content\/uploads\/2024\/05\/Flyer-Kreis-2-1-300x140.png 300w, http:\/\/gal-losheim.de\/wp-content\/uploads\/2024\/05\/Flyer-Kreis-2-1-768x360.png 768w, http:\/\/gal-losheim.de\/wp-content\/uploads\/2024\/05\/Flyer-Kreis-2-1-1536x719.png 1536w, http:\/\/gal-losheim.de\/wp-content\/uploads\/2024\/05\/Flyer-Kreis-2-1-2048x959.png 2048w, http:\/\/gal-losheim.de\/wp-content\/uploads\/2024\/05\/Flyer-Kreis-2-1-500x234.png 500w\" sizes=\"auto, (max-width: 1024px) 100vw, 1024px\" \/><\/a><\/figure>\n\n\n\n<div class=\"wp-block-media-text is-stacked-on-mobile\"><figure class=\"wp-block-media-text__media\"><img loading=\"lazy\" decoding=\"async\" width=\"819\" height=\"1024\" src=\"http:\/\/gal-losheim.de\/wp-content\/uploads\/2024\/04\/DSC08350-Verbessert-RR-819x1024.png\" alt=\"\" class=\"wp-image-1184 size-full\" srcset=\"http:\/\/gal-losheim.de\/wp-content\/uploads\/2024\/04\/DSC08350-Verbessert-RR-819x1024.png 819w, http:\/\/gal-losheim.de\/wp-content\/uploads\/2024\/04\/DSC08350-Verbessert-RR-240x300.png 240w, http:\/\/gal-losheim.de\/wp-content\/uploads\/2024\/04\/DSC08350-Verbessert-RR-768x960.png 768w, http:\/\/gal-losheim.de\/wp-content\/uploads\/2024\/04\/DSC08350-Verbessert-RR-1229x1536.png 1229w, http:\/\/gal-losheim.de\/wp-content\/uploads\/2024\/04\/DSC08350-Verbessert-RR-1638x2048.png 1638w\" sizes=\"auto, (max-width: 819px) 100vw, 819px\" \/><\/figure><div class=\"wp-block-media-text__content\">\n<pre class=\"wp-block-preformatted\">Norbert Hanowski, 59 Jahre, Chemielaborant, Interessen: Chorsingen und Musik<br>Hat in der letzten Legislaturperiode erste Erfahrungen im Gemeinderat gesammelt und kandidiert nun als Gallier auf Platz 2 der Gr\u00fcnen-Liste f\u00fcr den Kreistag.<br><br><strong>\u201eIch m\u00f6chte die Interessen von Losheim am See aktiv im Kreistag miteinbringen und mich f\u00fcr den Arten- und Bienenschutz, den Erhalt von Streuobstwiesen und einen aktiven Klimaschutz einsetzen\u201c.<\/strong><br><\/pre>\n<\/div><\/div>\n\n\n\n<figure class=\"wp-block-image size-large\"><a href=\"http:\/\/gal-losheim.de\/wp-content\/uploads\/2024\/05\/Flyer-Kreis-1.png\"><img loading=\"lazy\" decoding=\"async\" width=\"1024\" height=\"478\" src=\"http:\/\/gal-losheim.de\/wp-content\/uploads\/2024\/05\/Flyer-Kreis-1-1024x478.png\" alt=\"\" class=\"wp-image-1273\" srcset=\"http:\/\/gal-losheim.de\/wp-content\/uploads\/2024\/05\/Flyer-Kreis-1-1024x478.png 1024w, http:\/\/gal-losheim.de\/wp-content\/uploads\/2024\/05\/Flyer-Kreis-1-300x140.png 300w, http:\/\/gal-losheim.de\/wp-content\/uploads\/2024\/05\/Flyer-Kreis-1-768x358.png 768w, http:\/\/gal-losheim.de\/wp-content\/uploads\/2024\/05\/Flyer-Kreis-1-1536x717.png 1536w, http:\/\/gal-losheim.de\/wp-content\/uploads\/2024\/05\/Flyer-Kreis-1-2048x956.png 2048w, http:\/\/gal-losheim.de\/wp-content\/uploads\/2024\/05\/Flyer-Kreis-1-500x233.png 500w\" sizes=\"auto, (max-width: 1024px) 100vw, 1024px\" \/><\/a><\/figure>\n\n\n\n<figure class=\"wp-block-image size-large\"><a href=\"http:\/\/gal-losheim.de\/wp-content\/uploads\/2024\/05\/Flyer-Kreis-3.png\"><img loading=\"lazy\" decoding=\"async\" width=\"1024\" height=\"576\" src=\"http:\/\/gal-losheim.de\/wp-content\/uploads\/2024\/05\/Flyer-Kreis-3-1024x576.png\" alt=\"\" class=\"wp-image-1274\" srcset=\"http:\/\/gal-losheim.de\/wp-content\/uploads\/2024\/05\/Flyer-Kreis-3-1024x576.png 1024w, http:\/\/gal-losheim.de\/wp-content\/uploads\/2024\/05\/Flyer-Kreis-3-300x169.png 300w, http:\/\/gal-losheim.de\/wp-content\/uploads\/2024\/05\/Flyer-Kreis-3-768x432.png 768w, http:\/\/gal-losheim.de\/wp-content\/uploads\/2024\/05\/Flyer-Kreis-3-1536x863.png 1536w, http:\/\/gal-losheim.de\/wp-content\/uploads\/2024\/05\/Flyer-Kreis-3-2048x1151.png 2048w, http:\/\/gal-losheim.de\/wp-content\/uploads\/2024\/05\/Flyer-Kreis-3-500x281.png 500w\" sizes=\"auto, (max-width: 1024px) 100vw, 1024px\" \/><\/a><\/figure>\n\n\n\n<figure class=\"wp-block-image size-large\"><a href=\"http:\/\/gal-losheim.de\/wp-content\/uploads\/2024\/05\/Flyer-Kreis-4.png\"><img loading=\"lazy\" decoding=\"async\" width=\"1024\" height=\"478\" src=\"http:\/\/gal-losheim.de\/wp-content\/uploads\/2024\/05\/Flyer-Kreis-4-1024x478.png\" alt=\"\" class=\"wp-image-1275\" srcset=\"http:\/\/gal-losheim.de\/wp-content\/uploads\/2024\/05\/Flyer-Kreis-4-1024x478.png 1024w, http:\/\/gal-losheim.de\/wp-content\/uploads\/2024\/05\/Flyer-Kreis-4-300x140.png 300w, http:\/\/gal-losheim.de\/wp-content\/uploads\/2024\/05\/Flyer-Kreis-4-768x358.png 768w, http:\/\/gal-losheim.de\/wp-content\/uploads\/2024\/05\/Flyer-Kreis-4-1536x717.png 1536w, http:\/\/gal-losheim.de\/wp-content\/uploads\/2024\/05\/Flyer-Kreis-4-2048x956.png 2048w, http:\/\/gal-losheim.de\/wp-content\/uploads\/2024\/05\/Flyer-Kreis-4-500x233.png 500w\" sizes=\"auto, (max-width: 1024px) 100vw, 1024px\" \/><\/a><\/figure>\n","protected":false},"excerpt":{"rendered":"<p>die Liste 19 &#8211; GALL f\u00fcr den Gemeinderat Losheim am See -Eric Nobbe &#8211; Peter Lauer &#8211; Joachim Selzer &#8211; Lukas Markmeyer- J\u00fcrgen Kautenburger &#8211; Ellen Mohm &#8211; Sebastian Wagner &#8211; Norbert Hanowski &#8211; Lukas Markmeyer, 29 Jahre, angehender Buchh\u00e4ndler, &hellip; <a href=\"http:\/\/gal-losheim.de\/?page_id=1158\">Weiterlesen <span class=\"meta-nav\">&rarr;<\/span><\/a><\/p>\n","protected":false},"author":1,"featured_media":0,"parent":0,"menu_order":2,"comment_status":"closed","ping_status":"closed","template":"","meta":{"footnotes":""},"class_list":["post-1158","page","type-page","status-publish","hentry"],"_links":{"self":[{"href":"http:\/\/gal-losheim.de\/index.php?rest_route=\/wp\/v2\/pages\/1158","targetHints":{"allow":["GET"]}}],"collection":[{"href":"http:\/\/gal-losheim.de\/index.php?rest_route=\/wp\/v2\/pages"}],"about":[{"href":"http:\/\/gal-losheim.de\/index.php?rest_route=\/wp\/v2\/types\/page"}],"author":[{"embeddable":true,"href":"http:\/\/gal-losheim.de\/index.php?rest_route=\/wp\/v2\/users\/1"}],"replies":[{"embeddable":true,"href":"http:\/\/gal-losheim.de\/index.php?rest_route=%2Fwp%2Fv2%2Fcomments&post=1158"}],"version-history":[{"count":13,"href":"http:\/\/gal-losheim.de\/index.php?rest_route=\/wp\/v2\/pages\/1158\/revisions"}],"predecessor-version":[{"id":1276,"href":"http:\/\/gal-losheim.de\/index.php?rest_route=\/wp\/v2\/pages\/1158\/revisions\/1276"}],"wp:attachment":[{"href":"http:\/\/gal-losheim.de\/index.php?rest_route=%2Fwp%2Fv2%2Fmedia&parent=1158"}],"curies":[{"name":"wp","href":"https:\/\/api.w.org\/{rel}","templated":true}]}}