{"id":1173,"date":"2024-04-22T18:03:02","date_gmt":"2024-04-22T18:03:02","guid":{"rendered":"http:\/\/gal-losheim.de\/?page_id=1173"},"modified":"2024-05-20T13:26:21","modified_gmt":"2024-05-20T13:26:21","slug":"wahlperiode-2019-2024","status":"publish","type":"page","link":"http:\/\/gal-losheim.de\/?page_id=1173","title":{"rendered":"Wahlperiode 2019-2024"},"content":{"rendered":"\n<p><strong>\u00dcbersicht \u00fcber von der GALL eingebrachte und initiierte Beschluss-Antr\u00e4ge aus der letzten Legislaturperiode<\/strong><\/p>\n\n\n\n<figure class=\"wp-block-table\"><table><tbody><tr><td><a href=\"https:\/\/www.losheim.sitzung-online.de\/personal\/vo020?VOLFDNR=1387&amp;refresh=false\">2020\/310 Antrag der GALL-Fraktion gem\u00e4\u00df \u00a7 41 KSVG &#8211; &#8222;Aufstellung von Trinkbrunnen in Losheim am See&#8220;<\/a><\/td><\/tr><tr><td><a href=\"https:\/\/www.losheim.sitzung-online.de\/personal\/vo020?VOLFDNR=2342&amp;refresh=false\">2022\/264 Antrag nach \u00a7 41 KSVG der Gr\u00fcn Alternativen Liste Losheim \/ GALL zum Haushalt 2023<\/a><\/td><\/tr><tr><td><a href=\"https:\/\/www.losheim.sitzung-online.de\/personal\/vo020?VOLFDNR=1997&amp;refresh=false\">2021\/919 Antrag nach \u00a7 41 KSVG der Gr\u00fcn Alternativen Liste Losheim \/ GALL zum Haushalt 2022<\/a><\/td><\/tr><tr><td><a href=\"https:\/\/www.losheim.sitzung-online.de\/personal\/vo020?VOLFDNR=1497&amp;refresh=false\">2020\/420 Antrag nach \u00a7 41 KSVG der Gr\u00fcn Alternativen Liste Losheim \/GALL zum Thema &#8222;Ma\u00dfnahmen zur Verbesserung der Biodiversit\u00e4t in der Gemeinde Losheim&#8220;<\/a><\/td><\/tr><tr><td><a href=\"https:\/\/www.losheim.sitzung-online.de\/personal\/vo020?VOLFDNR=1671&amp;refresh=false\">2021\/593 Antrag nach \u00a7 41 KSVG der Gr\u00fcn Alternativen Liste Losheim \/ GALL zum Haushalt 2021<\/a><\/td><\/tr><tr><td><\/td><\/tr><tr><td><a href=\"https:\/\/www.losheim.sitzung-online.de\/personal\/vo020?VOLFDNR=1253&amp;refresh=false\">2019\/179 Antrag der Fraktion GALL\/Die LINKE gem\u00e4\u00df \u00a7 41 KSVG &#8211; &#8222;K\u00fcnftige Nutzung des openDemokratie-Tools zur B\u00fcrgerbeteiligung&#8220;<\/a><\/td><\/tr><tr><td><a href=\"https:\/\/www.losheim.sitzung-online.de\/personal\/vo020?VOLFDNR=2558&amp;refresh=false\">2023\/474 Antrag nach \u00a7 41 KSVG der GALL-Fraktion &#8222;Einrichtung von Co-Working-R\u00e4umen zur F\u00f6rderung und St\u00e4rkung des Wirtschafts-Standortes Losheim am See&#8220;<\/a><\/td><\/tr><tr><td><a href=\"https:\/\/www.losheim.sitzung-online.de\/personal\/vo020?VOLFDNR=1934&amp;refresh=false\">2021\/856 Antrag nach \u00a7 41 KSVG der GALL-Fraktion zum Thema: Antrag &#8222;Blaualgenbl\u00fcte im Stausee Losheim&#8220;<\/a><\/td><\/tr><tr><td><\/td><\/tr><\/tbody><\/table><\/figure>\n\n\n\n<p>Daneben hat sich die GALL daf\u00fcr engagiert, dass in Niederlosheim eine Pumptrack-Anlage f\u00fcr Kinder, Jugendliche und Familien gebaut wird.<\/p>\n\n\n\n<p>Im Bereich des Kinder- und Jugendschutzes wurde auf Initiative der GALL eine geringf\u00fcgige Besch\u00e4ftigungs-Stelle eingerichtet, die Vereinen in der Gemeinde beratend beim Thema \u201eKinderschutz\u201c zur Seite steht.<\/p>\n\n\n\n<p>Die GALL hat eine Ideenskizze \u201eGut Leben und Arbeiten im Krankenhausquartier\u201c entwickelt und diese zur Beratung in die Gremien miteingebracht.<\/p>\n\n\n\n<p>Zurzeit wird noch ein \u201eNachhaltigkeits-Konzept f\u00fcr den Stausee Losheim\u201c diskutiert, das dann auch in die zust\u00e4ndigen Aussch\u00fcsse eingebracht werden wird.<\/p>\n\n\n\n<p>Die GALL hat weiterhin in Kooperation mit den beiden anderen Ratsfraktionen weitere Projekte gemeinsam angeregt und beschlossen.<\/p>\n\n\n\n<p>\u00dcber 90 % der gefassten Beschl\u00fcsse wurden einstimmig im Rat beschlossen.<\/p>\n","protected":false},"excerpt":{"rendered":"<p>\u00dcbersicht \u00fcber von der GALL eingebrachte und initiierte Beschluss-Antr\u00e4ge aus der letzten Legislaturperiode 2020\/310 Antrag der GALL-Fraktion gem\u00e4\u00df \u00a7 41 KSVG &#8211; &#8222;Aufstellung von Trinkbrunnen in Losheim am See&#8220; 2022\/264 Antrag nach \u00a7 41 KSVG der Gr\u00fcn Alternativen Liste Losheim &hellip; <a href=\"http:\/\/gal-losheim.de\/?page_id=1173\">Weiterlesen <span class=\"meta-nav\">&rarr;<\/span><\/a><\/p>\n","protected":false},"author":1,"featured_media":0,"parent":0,"menu_order":4,"comment_status":"closed","ping_status":"closed","template":"","meta":{"footnotes":""},"class_list":["post-1173","page","type-page","status-publish","hentry"],"_links":{"self":[{"href":"http:\/\/gal-losheim.de\/index.php?rest_route=\/wp\/v2\/pages\/1173","targetHints":{"allow":["GET"]}}],"collection":[{"href":"http:\/\/gal-losheim.de\/index.php?rest_route=\/wp\/v2\/pages"}],"about":[{"href":"http:\/\/gal-losheim.de\/index.php?rest_route=\/wp\/v2\/types\/page"}],"author":[{"embeddable":true,"href":"http:\/\/gal-losheim.de\/index.php?rest_route=\/wp\/v2\/users\/1"}],"replies":[{"embeddable":true,"href":"http:\/\/gal-losheim.de\/index.php?rest_route=%2Fwp%2Fv2%2Fcomments&post=1173"}],"version-history":[{"count":2,"href":"http:\/\/gal-losheim.de\/index.php?rest_route=\/wp\/v2\/pages\/1173\/revisions"}],"predecessor-version":[{"id":1294,"href":"http:\/\/gal-losheim.de\/index.php?rest_route=\/wp\/v2\/pages\/1173\/revisions\/1294"}],"wp:attachment":[{"href":"http:\/\/gal-losheim.de\/index.php?rest_route=%2Fwp%2Fv2%2Fmedia&parent=1173"}],"curies":[{"name":"wp","href":"https:\/\/api.w.org\/{rel}","templated":true}]}}