{"id":17,"date":"2014-02-20T18:31:08","date_gmt":"2014-02-20T18:31:08","guid":{"rendered":"http:\/\/gal-losheim.de\/?page_id=17"},"modified":"2024-04-24T14:11:50","modified_gmt":"2024-04-24T14:11:50","slug":"impressum","status":"publish","type":"page","link":"http:\/\/gal-losheim.de\/?page_id=17","title":{"rendered":"Impressum"},"content":{"rendered":"\n<p><strong>Anbieterkennzeichnung<\/strong><strong><br>nach \u00a75 TMG<\/strong><\/p>\n\n\n\n<p><strong>Herausgeber:<\/strong><\/p>\n\n\n\n<p>GAL Losheim<\/p>\n\n\n\n<p><strong>Verantwortlich f\u00fcr den Inhalt:<\/strong><\/p>\n\n\n\n<p>\u200bJoachim Selzer\u200b<\/p>\n\n\n\n<p><br>Parkstra\u00dfe 4<br>66679 Losheim am See<br><br><br>E-Mail: <a href=\"mailto:gal-losheim@web.de\">gal-losheim@web.de<\/a><\/p>\n\n\n\n<p><strong>Urheberrechtshinweise&nbsp;<\/strong><\/p>\n\n\n\n<p>Die Inhalte und Programme dieser Website sind durch uns urheberrechtlich gesch\u00fctzt. Alle Rechte daran behalten wir uns vor. Teile dieser Website k\u00f6nnen Bilder und Texte beinhalten, die dem Urheberrecht Dritter unterliegen. Informationen auf dieser Website, einschlie\u00dflich Texten und Bildern d\u00fcrfen nicht, sofern nicht ausdr\u00fccklich anders bestimmt, vervielf\u00e4ltigt, transferiert, vertrieben oder gespeichert werden ohne schriftliche Genehmigung des Herausgebers. Modifikationen des Inhalts dieser Website sind ausdr\u00fccklich untersagt.&nbsp;<\/p>\n\n\n\n<p><strong>Hinweise zu externen Links&nbsp;<\/strong><br>Mit Urteil vom 12. Mai 1998 &#8211; 312 O 85\/98 &#8211; \\&#8220;Haftung f\u00fcr Links\\&#8220; hat das Landgericht (LG) Hamburg entschieden, dass man durch die Anbringung eines Links, die Inhalte der gelinkten Seite ggf. mit zu verantworten hat. Dies kann &#8211; so das LG &#8211; nur dadurch verhindert werden, dass man sich ausdr\u00fccklich von diesen Inhalten distanziert. Hiermit distanzieren wir uns ausdr\u00fccklich von allen Inhalten aller gelinkten Seiten auf unserer Homepage und machen uns diese Inhalte nicht zu eigen. Diese Erkl\u00e4rung gilt f\u00fcr alle Links der Domain www.auto-motorrad-schuler.de.&nbsp;<\/p>\n\n\n\n<p><strong>Haftungsausschluss&nbsp;<\/strong><br>Die Informationen auf dieser Website verstehen sich als &#8222;Aussagen an sich&#8220; ohne implizite Garantien jedweder Art. Die bereitgestellten Informationen auf dieser Website wurden sorgf\u00e4ltig gepr\u00fcft und werden regelm\u00e4\u00dfig aktualisiert. Jedoch kann keine Garantie daf\u00fcr \u00fcbernommen werden, dass alle Angaben zu jeder Zeit vollst\u00e4ndig, richtig und in letzter Aktualit\u00e4t dargestellt sind. Dies gilt insbesondere f\u00fcr alle Verbindungen (&#8222;Links&#8220;) zu anderen Web Sites, auf die direkt oder indirekt verwiesen wird. Alle Angaben k\u00f6nnen ohne vorherige Ank\u00fcndigung erg\u00e4nzt, entfernt oder ge\u00e4ndert werden. Au\u00dferdem liegt es nicht in unserer Verantwortung, Vorsichtsma\u00dfnahmen zu ergreifen gegen destruktive Programme oder Programmteile wie Viren, Worms, Trojanische Pferde o.\u00e4., die auf Webservern liegen, die m\u00f6glicherweise durch Links von unserer Website aus erreicht werden.&nbsp;<\/p>\n\n\n\n<p><br><strong>Datenschutzerkl\u00e4rung<\/strong><br>Verantwortlich im Sinne der Datenschutzgesetzes:<br>GAL Losheim \\&#8220;Joachim Selzer\\&#8220;<br>Parkstra\u00dfe 4<br>66679 Losheim am See<br>Datenschutz<br>Als Webseitenbetreiber nehmen wir den Schutz aller pers\u00f6nlichen Daten sehr ernst. Alle<br>personenbezogenen Informationen werden vertraulich und gem\u00e4\u00df den gesetzlichen Vorschriften<br>behandelt, wie in dieser Datenschutzerkl\u00e4rung erl\u00e4utert.<br>Unserer Webseite kann selbstverst\u00e4ndlich genutzt werden, ohne dass Sie pers\u00f6nliche Daten<br>angeben. Wenn jedoch zu irgendeinem Zeitpunkt pers\u00f6nliche Daten wie z.B. Name, Adresse oder<br>E-Mail abgefragt werden, wird dies auf freiwilliger Basis geschehen. Niemals werden von uns<br>erhobene Daten ohne Ihre spezielle Genehmigung an Dritte weitergegeben.<br>Daten\u00fcbertragung im Internet, wie zum Beispiel \u00fcber E-Mail, kann immer Sicherheitsl\u00fccken<br>aufweisen. Der komplette Schutz der Daten ist im Internet nicht m\u00f6glich.<br>Datenschutzerkl\u00e4rung Google Analytics<br>Unsere Website nutzt den Analysedienst Google Analytics, betrieben von Google Inc. 1600<br>Amphitheatre Parkway Mountain View, CA 94043, USA. Google Analytics nutzt \u201cCookies\u201d, das<br>sind kleine Textdateien, die in Ihrem Browser gespeichert werden und die es erm\u00f6glichen, die<br>Nutzung unserer Website durch die Besucher zu analysieren. Von den Cookies werden Daten<br>\u00fcber Ihre Nutzung unserer Webseite gesammelt, die normalerweise an einen Google-Server in<br>den USA \u00fcbertragen und gespeichert werden.<br>Wenn die IP-Anonymisierung auf unserer Webseite aktiviert wurde, wird Ihre IP-Adresse von<br>Google innerhalb der Mitgliedstaaten der Europ\u00e4ischen Union oder in anderen Vertragsstaaten<br>des Abkommens \u00fcber den Europ\u00e4ischen Wirtschaftsraum vorab gek\u00fcrzt. In seltenen<br>Ausnahmef\u00e4llen kann die komplette IP-Adresse an einen Google Server in den USA \u00fcbertragen<br>werden, dann wird diese dort gek\u00fcrzt. Google nutzt diese Daten in unserem Auftrag, um die<br>Nutzung unserer Website auszuwerten, um Berichte \u00fcber die Webseitenaktivit\u00e4ten zu erstellen<br>sowie um weitere Dienstleistungen anzubieten, die mit der Webseitennutzung und Internetnutzung<br>zusammenh\u00e4ngen. Die von Google Analytics erfassten IP-Adressen werden nicht mit anderen<br>Daten von Google korreliert.<br>Die Speicherung von Cookies kann durch eine spezielle Einstellung in Ihrem Browser verweigert<br>werden. In diesem Fall ist jedoch die Funktionalit\u00e4t unserer Webseite im vollen Umfang nicht<br>gew\u00e4hrleistet. Zus\u00e4tzlich steht ihnen ein Browser-Plugin zu Verf\u00fcgung, mit dem Sie die Sammlung<br>der auf Ihre Nutzung der Website bezogenen erzeugten Daten und IP-Adressen durch Google<br>verhindern k\u00f6nnen. Mehr Informationen dazu finden Sie hier:<br>http:\/\/tools.google.com\/dlpage\/gaoptout?hl=de<br>Auskunft, L\u00f6schung, Sperrung<br>Zu jedem Zeitpunkt k\u00f6nnen Sie sich \u00fcber die personenbezogenen Daten, deren Herkunft und<br>Empf\u00e4nger und den Nutzen der Datenverarbeitung informieren und unentgeltlich eine Korrektur,<br>Sperrung oder L\u00f6schung dieser Daten verlangen. Bitte nutzen Sie daf\u00fcr die im Impressum<br>angegebenen Kontaktwege. F\u00fcr weitere Fragen zum Thema stehen wir Ihnen ebenfalls jederzeit<br>zur Verf\u00fcgung.<br>Server-Log-Files<br>Der Seiten-Provider erhebt und speichert automatisch Daten in Server-Log Files, die von Ihrem<br>Browser an uns \u00fcbermittelt werden. Diese Daten enthalten:<br>\u2013 Browsertyp\/ Browserversion<br>\u2013 Betriebssystem des Rechners<br>\u2013 Referrer URL<br>\u2013 Hostname des zugreifenden Rechners<br>\u2013 Uhrzeit der Serveranfrage<br>Diese Daten sind nicht personenbezogen. Es erfolgt keine Zusammenf\u00fchrung dieser Daten mit<br>anderen Datenquellen. Wenn uns konkrete Anhaltspunkte f\u00fcr eine rechtswidrige Nutzung bekannt<br>werden behalten wir uns das Recht vor, diese Daten nachtr\u00e4glich zu \u00fcberpr\u00fcfen.<br>Cookies<br>Viele Internetseiten verwenden Cookies. Cookies sind unsch\u00e4dlich f\u00fcr Ihren Rechner und virenfrei.<br>Sie dienen dazu, Internet-Angebote f\u00fcr die Besucher einWeer bseite freundlicher, effektiver und<br>sicherer zu machen. Cookies sind kleine Textdateien, die auf Ihrem Computer abgelegt werden<br>und die Ihr Browser verwendet.<br>Wir verwenden in der Regel so genannte \u201eSession-Cookies\u201c. Diese werden nach Verlassen<br>unserer Seite automatisch gel\u00f6scht. Andere Cookies bleiben auf Ihrem Computer gespeichert, bis<br>Sie diese l\u00f6schen. Diese Cookies helfen dabei, Ihren Rechner beim n\u00e4chsten Besuch<br>wiederzuerkennen.<br>\u00dcber die Browsereinstellungen k\u00f6nnen sie festlegen, dass Sie \u00fcber neue Cookies informiert<br>werden und Cookies jeweils annehmen m\u00fcssen. Ebenso k\u00f6nnen Sie die Annahme von Cookies<br>f\u00fcr bestimmte F\u00e4lle oder generell ausschlie\u00dfen oder das automatische L\u00f6schen der Cookies beim<br>Schlie\u00dfen des Browser aktivieren. Werden Cookies desaktiviert, kann die Funktionalit\u00e4t unserer<br>Website eingeschr\u00e4nkt sein.<br>\u00c4nderung der Datenschutzbestimmungen<br>Unsere Datenschutzerkl\u00e4rung k\u00f6nnen in unregelm\u00e4\u00dfigen Abst\u00e4nden angepasst werden, damit sie<br>den aktuellen rechtlichen Anforderungen entsprechen oder um \u00c4nderungen unserer<br>Dienstleistungen umzusetzen, z. B. bei der Einf\u00fcgung neuer Angebote. F\u00fcr Ihren n\u00e4chsten<br>Besuch gilt dann automatisch die neue Datenschutzerkl\u00e4rung.<br>Kontakt zum Datenschutzmitarbeiter<br>F\u00fcr Fragen zum Datenschutz schicken Sie uns bitte eine Nachricht an gal-losheim@web.de.<br>de mit dem Betreff \u201eDatenschutz\u201c.<br>Diese Widerrufsbelehrung Seite wurde bei datenschutzerkl\u00e4rungmuster.de erstellt.<\/p>\n","protected":false},"excerpt":{"rendered":"<p>Anbieterkennzeichnungnach \u00a75 TMG Herausgeber: GAL Losheim Verantwortlich f\u00fcr den Inhalt: \u200bJoachim Selzer\u200b Parkstra\u00dfe 466679 Losheim am See E-Mail: gal-losheim@web.de Urheberrechtshinweise&nbsp; Die Inhalte und Programme dieser Website sind durch uns urheberrechtlich gesch\u00fctzt. Alle Rechte daran behalten wir uns vor. Teile dieser &hellip; <a href=\"http:\/\/gal-losheim.de\/?page_id=17\">Weiterlesen <span class=\"meta-nav\">&rarr;<\/span><\/a><\/p>\n","protected":false},"author":1,"featured_media":0,"parent":0,"menu_order":5,"comment_status":"closed","ping_status":"closed","template":"sidebar-page.php","meta":{"footnotes":""},"class_list":["post-17","page","type-page","status-publish","hentry"],"_links":{"self":[{"href":"http:\/\/gal-losheim.de\/index.php?rest_route=\/wp\/v2\/pages\/17","targetHints":{"allow":["GET"]}}],"collection":[{"href":"http:\/\/gal-losheim.de\/index.php?rest_route=\/wp\/v2\/pages"}],"about":[{"href":"http:\/\/gal-losheim.de\/index.php?rest_route=\/wp\/v2\/types\/page"}],"author":[{"embeddable":true,"href":"http:\/\/gal-losheim.de\/index.php?rest_route=\/wp\/v2\/users\/1"}],"replies":[{"embeddable":true,"href":"http:\/\/gal-losheim.de\/index.php?rest_route=%2Fwp%2Fv2%2Fcomments&post=17"}],"version-history":[{"count":3,"href":"http:\/\/gal-losheim.de\/index.php?rest_route=\/wp\/v2\/pages\/17\/revisions"}],"predecessor-version":[{"id":1011,"href":"http:\/\/gal-losheim.de\/index.php?rest_route=\/wp\/v2\/pages\/17\/revisions\/1011"}],"wp:attachment":[{"href":"http:\/\/gal-losheim.de\/index.php?rest_route=%2Fwp%2Fv2%2Fmedia&parent=17"}],"curies":[{"name":"wp","href":"https:\/\/api.w.org\/{rel}","templated":true}]}}